 f be 4/z - 174/(-10). Suppose -f = -i - 7. What is the tens digit of i?
1
Let g be -1 + 0/3 + 1. Suppose -3*a - 6 = g, 2*k - 173 - 11 = 2*a. Suppose -5*t - 3*w = -0*w - k, 54 = 3*t + 3*w. What is the tens digit of t?
1
Let l be (-8)/12 - 4/(-6). Suppose 10 = -2*x - l. Let v = x + 14. What is the units digit of v?
9
Suppose -n = -4*a - 15, 3*n = -2*n + 3*a + 24. Suppose v + 0 = 3*h - 16, -4 = n*h + 4*v. What is the units digit of ((-22)/(-4))/(2/h)?
1
Let b = -8 - -75. What is the units digit of b?
7
Let g be 7 + -46 + (-2)/1. Let v = -25 - g. What is the tens digit of v?
1
Let q(a) = -a**3 - 6*a**2 - 5*a - 1. Let y be q(-5). Let f = 15 - y. Suppose 13 = 5*k - j, 4*k + j - f = -j. What is the units digit of k?
3
Let a(g) be the first derivative of g**3/3 - 4*g**2 + 7. What is the tens digit of a(10)?
2
Suppose 3*i = i + 6. Suppose 0 = 2*f - 0*f - 3*u - 19, 5*f + i*u = -5. What is the units digit of f?
2
Let r be (0 + -3)/(5 - 6). Suppose 0 = 3*c - r - 6. What is the units digit of c?
3
Let b(h) be the second derivative of h**3/6 + h**2/2 - h. Let p be b(-7). What is the units digit of (-3 - p)/(6/10)?
5
Let l = 92 + 39. What is the units digit of l?
1
Let q = -3 + 5. What is the units digit of q + 0 + (10 - -2)?
4
Suppose 0*y - 3*y - 13 = -5*q, -2*q = -4*y + 6. Suppose -2*t - 5*n - 23 = -0*n, t - y*n = 21. What is the units digit of t?
1
Let h be -15*2/(-6)*3. Let o(a) = -a**3 - a**2 + a + 55. Let q be o(0). What is the units digit of q/h - (-2)/6?
4
Let y(j) = -2*j + 6. What is the units digit of y(2)?
2
Suppose 142 = 3*u - 29. What is the units digit of u?
7
Suppose 3*q = -q + 56. What is the units digit of ((-36)/21)/((-2)/q)?
2
Suppose -5*f = -b + 21, -4*f + 2*b - 3 - 9 = 0. Let k(v) be the second derivative of -v**4/12 - v**3 + 2*v. What is the units digit of k(f)?
5
Suppose 0 = -3*p + p + 4. Let m be -2 - (-10 - (-4)/p). Suppose -7*u + m*u + 8 = 0. What is the units digit of u?
8
Let u(c) = c**2 - 5. What is the tens digit of u(-8)?
5
Let k = 0 - 4. Let l(a) = -a**3 - 3*a**2 + a + 1. What is the units digit of l(k)?
3
Let v(z) = z**3 + 5*z**2 + 5*z + 6. Let h be v(-6). Let l = h - -111. What is the units digit of l?
1
Suppose -g - 3*g = -476. Let q = g + -80. What is the units digit of q?
9
Let l = 0 + 4. Suppose 2*j = -l*r - 2, 13 = 2*r - 4*j - 11. Suppose -2*i = -r*k + 10, 0 = k - 5*i - 9 - 8. What is the units digit of k?
2
Suppose -2*o - 10 = 14. What is the tens digit of (25/(-10))/(2/o)?
1
Suppose -3*r + 7 = 2*s, 6*r + 4 = 4*s + 2*r. Suppose c = f + 5, 15 = -4*f + c + s*c. Suppose f = -3*u + 25 + 17. What is the units digit of u?
4
Suppose 2 = 3*d + 2*o, 8 = 5*d - 3*o + 30. Let w be 1 + d/2 + 2. What is the tens digit of 30*(w + (-16)/10)?
1
Suppose 2*h - 4*h + 6 = 0, -2*y - 3*h + 97 = 0. What is the tens digit of y?
4
Suppose -5*h = -3*w - 0 + 1, -5*w - 5 = -5*h. Let r be h/(-6) - 38/6. Let q(x) = -x - 3. What is the units digit of q(r)?
3
Suppose 4*z = -5*i + 27, -i + 9 = 2*i. Suppose 4*p + z - 7 = 0. What is the units digit of p?
1
Let b(t) = -t**2 - 14*t - 21. Let j be b(-14). What is the tens digit of (-267)/j - 4/(-14)?
1
Let b(q) = 4*q + 3*q**2 - 2*q**2 - 2 + 0. Suppose 5*n - 4*n + 5 = 0. What is the units digit of b(n)?
3
Let z = 3 - 9. Let v(a) = a**2 + 6*a + 6. Let b be v(z). What is the units digit of -1 + 8 + (b - 3)?
0
What is the tens digit of 4 + 294/12 + 1/(-2)?
2
Let r = -482 + 837. What is the hundreds digit of r?
3
Let a = -6 - -6. Suppose 0 = -a*r + 4*r. Suppose -3*o + 5*y + 30 = r, -y = 3*o - 2*y - 42. What is the units digit of o?
5
Let w(i) = -24*i + 97. What is the units digit of w(-9)?
3
Let t(a) = -a**3 + 5*a**2 - 3*a - 2. Let q be t(3). Suppose -3*h = -6*h - 12. Let f = h + q. What is the units digit of f?
3
Let d(n) = -18*n**3 - 2*n**2 - 3*n - 2. Let c be d(-1). What is the tens digit of (12 + -11)*1*c?
1
Suppose 6 = u - 2*b, u + 5*b = -2*u + 51. What is the tens digit of u?
1
Let s(i) = -i**3 - 4*i**2 + 3*i - 5. Let a be s(-5). Suppose 119 - 24 = a*v. What is the units digit of v?
9
Suppose -7*s + 3*s + 24 = 0. Suppose -l - s = 2. Let d = l + 10. What is the units digit of d?
2
Suppose 0 = m - 5*p + 23, 4*m = 8*m - 2*p + 2. What is the units digit of ((-574)/(-28))/(1/m)?
1
Suppose 1800 = 9*u + u. What is the units digit of u?
0
Let t(d) = -13*d + 31. Let l(g) = -7*g + 16. Let u(x) = 5*l(x) - 3*t(x). What is the units digit of u(6)?
1
Suppose -b + y - 3*y = -15, b + y - 10 = 0. What is the units digit of b + -2*(-2)/4?
6
Suppose 2*p = 73 - 3. What is the units digit of p?
5
Suppose 13 = 4*u + 5. Suppose 2*q - u*s = -2*q + 8, 12 = 2*q + s. Suppose 17 = 2*f + 5*g - 4, 5*f = -q*g + 78. What is the tens digit of f?
1
Let f(h) = -h**3 - 2*h**2 - 4. Let t be f(-3). Suppose 0 = t*x - x. Suppose -2*g + 4*p = 2*g - 36, 5*p = x. What is the units digit of g?
9
What is the tens digit of 424/9 - 3/27?
4
Suppose -w = -0*w - 43. What is the units digit of w?
3
Suppose 0 = -3*m - 0*m - 2*r + 14, r - 8 = -2*m. Suppose z + 0*o + 2 = 2*o, -2*z - m*o + 20 = 0. What is the units digit of z?
6
Let y(z) = z**3 + 5*z**2 + 2*z - 1. Let a be y(-3). Suppose 5*l = 4 + a. What is the units digit of l?
3
Suppose -k + 2 = 0, -5*u - 1 = 5*k - 11. Suppose 2*i - 3 + 1 = u. What is the units digit of i?
1
Suppose -4*v + 179 = -45. What is the units digit of v?
6
Let o(q) = 5*q + 2. Let i = 6 - 1. Let u be o(i). Suppose k + 0*k = 5*d - 9, -3*k + u = 3*d. What is the units digit of k?
6
Suppose 0 = -5*b + 6 + 9. Suppose -2*c - 3*r + 75 = 0, 160 = 3*c - b*r - 2*r. What is the units digit of c?
5
Let i(r) = r + 5. Let u = 8 - 13. Let t be i(u). Suppose 4*c + 3*y = 39, -c + 21 = -t*y + 3*y. What is the units digit of c?
6
Let c be 6/9*(11 - 2). Let n(x) = -16 + 3*x + 13 - 2*x. What is the units digit of n(c)?
3
Let n = -5 + 3. Let t = -3 - n. What is the units digit of 3*39/9 - t?
4
Suppose 0*m - 2*q = -m - 17, -4*m + 2*q = 38. Let o(x) = -x**2 - 9*x - 3. What is the tens digit of o(m)?
1
Let s(h) = -9*h**3 - h**2 - h - 1. Let o be s(-1). Suppose 2*c = -2*c + o. Let n = c + 0. What is the units digit of n?
2
Suppose 3*l - 8 = 1. What is the tens digit of ((-2)/l)/((-14)/273)?
1
Suppose 7 = 2*x - 7. Suppose 3*o - 4 = -0*q + 4*q, 0 = q - 2*o - 4. Let g = q + x. What is the units digit of g?
3
Let s = 6 - 4. Suppose 3*w - 18 = s*w. What is the units digit of w?
8
Let l be 2 + -1 + (0 - 1). Suppose l*h = -h + 6. What is the units digit of h?
6
Let q = 233 - 111. What is the tens digit of q?
2
Let b(j) = 2*j + 3 + 2*j**3 - 3*j**3 + 2*j. Let h be b(-2). Suppose h*d = -0*d + 21. What is the units digit of d?
7
Let z = -47 + 105. What is the units digit of z?
8
Let i(r) = -8*r**3 - 2*r**2 - 2*r - 1. Let z = 5 + -3. Let u = z + -3. What is the units digit of i(u)?
7
Suppose q + 1 + 2 = 0, -3*q + 19 = -4*m. Suppose 0 = 5*v - 5*i - 60, 5*v - 2*i - 3 = 72. Let g = v + m. What is the units digit of g?
0
Let s be 8/7 - 10/70. Let v be -2*((-3)/(-2) - 2). Let z = s + v. What is the units digit of z?
2
What is the hundreds digit of (-6)/15 - 1422/(-5)?
2
Let t(w) = w**3 - 9*w**2 + 2*w + 12. What is the units digit of t(9)?
0
Suppose -2*j + 36 = 2*u, -4*u + 0*j + 90 = -5*j. What is the units digit of u?
0
Suppose 13 = 3*p - 2. Let k = -6 + 14. Suppose -k = p*w - 43. What is the units digit of w?
7
Suppose -6*k = -3*k - 237. What is the units digit of k?
9
Suppose -r + 5*q = -22, 5*r + 4*q = 2*q + 56. Suppose 5*y = 3*p - 4, 2*y + r = p - 5*p. Let m = p + 10. What is the units digit of m?
8
Let l(h) = -4*h + 3. What is the tens digit of l(-3)?
1
Let q = 6 + -4. Suppose 5*f = 4*g + 52, q*f - 3 = 4*g + 13. What is the tens digit of f?
1
What is the units digit of (-288)/(-10) + 1/5?
9
Suppose -4*m + 7 = -1. Suppose -3*b - m*k = -68, -5*b + 68 + 52 = 2*k. What is the units digit of b?
6
What is the hundreds digit of -5 + 2 + (-20)/5 + 287?
2
What is the units digit of 10/20*(0 + 12)?
6
Let c(n) = -n + 8. Let j be c(6). Suppose 14 = 2*b - 0*b. Suppose j*l - b + 1 = 0. What is the units digit of l?
3
Let p = 0 + 0. Suppose p = -3*q + 11 + 1. What is the units digit of q?
4
Let p(v) be the first derivative of 2*v**3/3 + 3*v**2/2 + 2*v - 1. What is the tens digit of p(-4)?
2
Let i(y) = 0*y - 4*y + 2*y**2 + 2*y - 3. What is the tens digit of i(-3)?
2
Let f = 5 + 